{"version":"1.0","provider_name":"PRODUCEmpresarial Observatory","provider_url":"https:\/\/www.producempresarial.pe\/en","author_name":"admin","author_url":"https:\/\/www.producempresarial.pe\/en\/author\/admin\/","title":"\u00a1El comercio interno sigue creciendo! \ud83d\udcc8\ud83d\ude80 En noviembre de 2024, las ventas internas crecieron un 11.7%, pasando de S\/ 3,855 millones en 2023 a S\/ 4,305 millones, acumulando 7 meses consecutivos al alza. \ud83d\udd25 Este dinamismo econ\u00f3mico permiti\u00f3 la generaci\u00f3n de 116 mil empleos, con una destacada participaci\u00f3n femenina. \ud83d\ude4b\u200d\u2640\ufe0f\u2728 El comercio interno mostr\u00f3 un desempe\u00f1o positivo en todas sus actividades, destacando el crecimiento de ventas en libros \ud83d\udcda (+28.9%), tiendas por departamento \ud83c\udfec (+26.6%) y supermercados \ud83d\uded2 (+9.4%), entre otros sectores. Adem\u00e1s, la poblaci\u00f3n demand\u00f3 m\u00e1s productos como bebidas \ud83e\udd64, ropa \ud83d\udc57 y art\u00edculos dom\u00e9sticos \ud83c\udfe0, y m\u00e1s. \u00a1Sigamos avanzando juntos en este camino de \u00e9xito! \ud83d\udcaa\ud83d\ude80 - Observatorio PRODUCEmpresarial","type":"rich","width":600,"height":338,"html":"<blockquote class=\"wp-embedded-content\" data-secret=\"AgTUZvRtQK\"><a href=\"https:\/\/www.producempresarial.pe\/en\/comercio-interno-nov24\/\">\u00a1El comercio interno sigue creciendo! \ud83d\udcc8\ud83d\ude80 En noviembre de 2024, las ventas internas crecieron un 11.7%, pasando de S\/ 3,855 millones en 2023 a S\/ 4,305 millones, acumulando 7 meses consecutivos al alza. \ud83d\udd25 Este dinamismo econ\u00f3mico permiti\u00f3 la generaci\u00f3n de 116 mil empleos, con una destacada participaci\u00f3n femenina. \ud83d\ude4b\u200d\u2640\ufe0f\u2728 El comercio interno mostr\u00f3 un desempe\u00f1o positivo en todas sus actividades, destacando el crecimiento de ventas en libros \ud83d\udcda (+28.9%), tiendas por departamento \ud83c\udfec (+26.6%) y supermercados \ud83d\uded2 (+9.4%), entre otros sectores. Adem\u00e1s, la poblaci\u00f3n demand\u00f3 m\u00e1s productos como bebidas \ud83e\udd64, ropa \ud83d\udc57 y art\u00edculos dom\u00e9sticos \ud83c\udfe0, y m\u00e1s. \u00a1Sigamos avanzando juntos en este camino de \u00e9xito! \ud83d\udcaa\ud83d\ude80<\/a><\/blockquote><iframe sandbox=\"allow-scripts\" security=\"restricted\" src=\"https:\/\/www.producempresarial.pe\/en\/comercio-interno-nov24\/embed\/#?secret=AgTUZvRtQK\" width=\"600\" height=\"338\" title=\"&#8220;\u00a1El comercio interno sigue creciendo! \ud83d\udcc8\ud83d\ude80 En noviembre de 2024, las ventas internas crecieron un 11.7%, pasando de S\/ 3,855 millones en 2023 a S\/ 4,305 millones, acumulando 7 meses consecutivos al alza. \ud83d\udd25 Este dinamismo econ\u00f3mico permiti\u00f3 la generaci\u00f3n de 116 mil empleos, con una destacada participaci\u00f3n femenina. \ud83d\ude4b\u200d\u2640\ufe0f\u2728 El comercio interno mostr\u00f3 un desempe\u00f1o positivo en todas sus actividades, destacando el crecimiento de ventas en libros \ud83d\udcda (+28.9%), tiendas por departamento \ud83c\udfec (+26.6%) y supermercados \ud83d\uded2 (+9.4%), entre otros sectores. Adem\u00e1s, la poblaci\u00f3n demand\u00f3 m\u00e1s productos como bebidas \ud83e\udd64, ropa \ud83d\udc57 y art\u00edculos dom\u00e9sticos \ud83c\udfe0, y m\u00e1s. \u00a1Sigamos avanzando juntos en este camino de \u00e9xito! \ud83d\udcaa\ud83d\ude80&#8221; &#8212; Observatorio PRODUCEmpresarial\" data-secret=\"AgTUZvRtQK\" frameborder=\"0\" marginwidth=\"0\" marginheight=\"0\" scrolling=\"no\" class=\"wp-embedded-content\"><\/iframe><script>\n\/*! This file is auto-generated *\/\n!function(d,l){\"use strict\";l.querySelector&&d.addEventListener&&\"undefined\"!=typeof URL&&(d.wp=d.wp||{},d.wp.receiveEmbedMessage||(d.wp.receiveEmbedMessage=function(e){var t=e.data;if((t||t.secret||t.message||t.value)&&!\/[^a-zA-Z0-9]\/.test(t.secret)){for(var s,r,n,a=l.querySelectorAll('iframe[data-secret=\"'+t.secret+'\"]'),o=l.querySelectorAll('blockquote[data-secret=\"'+t.secret+'\"]'),c=new RegExp(\"^https?:$\",\"i\"),i=0;i<o.length;i++)o[i].style.display=\"none\";for(i=0;i<a.length;i++)s=a[i],e.source===s.contentWindow&&(s.removeAttribute(\"style\"),\"height\"===t.message?(1e3<(r=parseInt(t.value,10))?r=1e3:~~r<200&&(r=200),s.height=r):\"link\"===t.message&&(r=new URL(s.getAttribute(\"src\")),n=new URL(t.value),c.test(n.protocol))&&n.host===r.host&&l.activeElement===s&&(d.top.location.href=t.value))}},d.addEventListener(\"message\",d.wp.receiveEmbedMessage,!1),l.addEventListener(\"DOMContentLoaded\",function(){for(var e,t,s=l.querySelectorAll(\"iframe.wp-embedded-content\"),r=0;r<s.length;r++)(t=(e=s[r]).getAttribute(\"data-secret\"))||(t=Math.random().toString(36).substring(2,12),e.src+=\"#?secret=\"+t,e.setAttribute(\"data-secret\",t)),e.contentWindow.postMessage({message:\"ready\",secret:t},\"*\")},!1)))}(window,document);\n<\/script>","thumbnail_url":"https:\/\/www.producempresarial.pe\/wp-content\/uploads\/2025\/01\/Post-para-instagram-aviso-moderno-morado-Post-de-Instagram-3.jpg","thumbnail_width":1755,"thumbnail_height":1755,"description":"Compartir en:"}

¡El comercio interno sigue creciendo! 📈🚀 En noviembre de 2024, las ventas internas crecieron un 11.7%, pasando de S/ 3,855 millones en 2023 a S/ 4,305 millones, acumulando 7 meses consecutivos al alza. 🔥 Este dinamismo económico permitió la generación de 116 mil empleos, con una destacada participación femenina. 🙋‍♀️✨ El comercio interno mostró un desempeño positivo en todas sus actividades, destacando el crecimiento de ventas en libros 📚 (+28.9%), tiendas por departamento 🏬 (+26.6%) y supermercados 🛒 (+9.4%), entre otros sectores. Además, la población demandó más productos como bebidas 🥤, ropa 👗 y artículos domésticos 🏠, y más. ¡Sigamos avanzando juntos en este camino de éxito! 💪🚀 - Observatorio PRODUCEmpresarial

<blockquote class="wp-embedded-content" data-secret="AgTUZvRtQK"><a href="https://www.producempresarial.pe/en/comercio-interno-nov24/">¡El comercio interno sigue creciendo! 📈🚀 En noviembre de 2024, las ventas internas crecieron un 11.7%, pasando de S/ 3,855 millones en 2023 a S/ 4,305 millones, acumulando 7 meses consecutivos al alza. 🔥 Este dinamismo económico permitió la generación de 116 mil empleos, con una destacada participación femenina. 🙋‍♀️✨ El comercio interno mostró un desempeño positivo en todas sus actividades, destacando el crecimiento de ventas en libros 📚 (+28.9%), tiendas por departamento 🏬 (+26.6%) y supermercados 🛒 (+9.4%), entre otros sectores. Además, la población demandó más productos como bebidas 🥤, ropa 👗 y artículos domésticos 🏠, y más. ¡Sigamos avanzando juntos en este camino de éxito! 💪🚀</a></blockquote><iframe sandbox="allow-scripts" security="restricted" src="https://www.producempresarial.pe/en/comercio-interno-nov24/embed/#?secret=AgTUZvRtQK" width="600" height="338" title="&#8220;¡El comercio interno sigue creciendo! 📈🚀 En noviembre de 2024, las ventas internas crecieron un 11.7%, pasando de S/ 3,855 millones en 2023 a S/ 4,305 millones, acumulando 7 meses consecutivos al alza. 🔥 Este dinamismo económico permitió la generación de 116 mil empleos, con una destacada participación femenina. 🙋‍♀️✨ El comercio interno mostró un desempeño positivo en todas sus actividades, destacando el crecimiento de ventas en libros 📚 (+28.9%), tiendas por departamento 🏬 (+26.6%) y supermercados 🛒 (+9.4%), entre otros sectores. Además, la población demandó más productos como bebidas 🥤, ropa 👗 y artículos domésticos 🏠, y más. ¡Sigamos avanzando juntos en este camino de éxito! 💪🚀&#8221; &#8212; Observatorio PRODUCEmpresarial" data-secret="AgTUZvRtQK" frameborder="0" marginwidth="0" marginheight="0" scrolling="no" class="wp-embedded-content"></iframe><script>
/*! This file is auto-generated */
!function(d,l){"use strict";l.querySelector&&d.addEventListener&&"undefined"!=typeof URL&&(d.wp=d.wp||{},d.wp.receiveEmbedMessage||(d.wp.receiveEmbedMessage=function(e){var t=e.data;if((t||t.secret||t.message||t.value)&&!/[^a-zA-Z0-9]/.test(t.secret)){for(var s,r,n,a=l.querySelectorAll('iframe[data-secret="'+t.secret+'"]'),o=l.querySelectorAll('blockquote[data-secret="'+t.secret+'"]'),c=new RegExp("^https?:$","i"),i=0;i<o.length;i++)o[i].style.display="none";for(i=0;i<a.length;i++)s=a[i],e.source===s.contentWindow&&(s.removeAttribute("style"),"height"===t.message?(1e3<(r=parseInt(t.value,10))?r=1e3:~~r<200&&(r=200),s.height=r):"link"===t.message&&(r=new URL(s.getAttribute("src")),n=new URL(t.value),c.test(n.protocol))&&n.host===r.host&&l.activeElement===s&&(d.top.location.href=t.value))}},d.addEventListener("message",d.wp.receiveEmbedMessage,!1),l.addEventListener("DOMContentLoaded",function(){for(var e,t,s=l.querySelectorAll("iframe.wp-embedded-content"),r=0;r<s.length;r++)(t=(e=s[r]).getAttribute("data-secret"))||(t=Math.random().toString(36).substring(2,12),e.src+="#?secret="+t,e.setAttribute("data-secret",t)),e.contentWindow.postMessage({message:"ready",secret:t},"*")},!1)))}(window,document);
</script>
