{"version":"1.0","provider_name":"PRODUCEmpresarial Observatory","provider_url":"https:\/\/www.producempresarial.pe\/en","author_name":"Raquel Rengifo","author_url":"https:\/\/www.producempresarial.pe\/en\/author\/rrengifo\/","title":"Resultados del Censo Nacional de Mercados de Abastos - Observatorio PRODUCEmpresarial","type":"rich","width":600,"height":338,"html":"<blockquote class=\"wp-embedded-content\" data-secret=\"UVj37wUMea\"><a href=\"https:\/\/www.producempresarial.pe\/en\/publicacion\/\">Results of the National Census of Wholesale Markets<\/a><\/blockquote><iframe sandbox=\"allow-scripts\" security=\"restricted\" src=\"https:\/\/www.producempresarial.pe\/en\/publicacion\/embed\/#?secret=UVj37wUMea\" width=\"600\" height=\"338\" title=\"&#8220;Resultados del Censo Nacional de Mercados de Abastos&#8221; &#8212; Observatorio PRODUCEmpresarial\" data-secret=\"UVj37wUMea\" frameborder=\"0\" marginwidth=\"0\" marginheight=\"0\" scrolling=\"no\" class=\"wp-embedded-content\"><\/iframe><script>\n\/*! This file is auto-generated *\/\n!function(d,l){\"use strict\";l.querySelector&&d.addEventListener&&\"undefined\"!=typeof URL&&(d.wp=d.wp||{},d.wp.receiveEmbedMessage||(d.wp.receiveEmbedMessage=function(e){var t=e.data;if((t||t.secret||t.message||t.value)&&!\/[^a-zA-Z0-9]\/.test(t.secret)){for(var s,r,n,a=l.querySelectorAll('iframe[data-secret=\"'+t.secret+'\"]'),o=l.querySelectorAll('blockquote[data-secret=\"'+t.secret+'\"]'),c=new RegExp(\"^https?:$\",\"i\"),i=0;i<o.length;i++)o[i].style.display=\"none\";for(i=0;i<a.length;i++)s=a[i],e.source===s.contentWindow&&(s.removeAttribute(\"style\"),\"height\"===t.message?(1e3<(r=parseInt(t.value,10))?r=1e3:~~r<200&&(r=200),s.height=r):\"link\"===t.message&&(r=new URL(s.getAttribute(\"src\")),n=new URL(t.value),c.test(n.protocol))&&n.host===r.host&&l.activeElement===s&&(d.top.location.href=t.value))}},d.addEventListener(\"message\",d.wp.receiveEmbedMessage,!1),l.addEventListener(\"DOMContentLoaded\",function(){for(var e,t,s=l.querySelectorAll(\"iframe.wp-embedded-content\"),r=0;r<s.length;r++)(t=(e=s[r]).getAttribute(\"data-secret\"))||(t=Math.random().toString(36).substring(2,12),e.src+=\"#?secret=\"+t,e.setAttribute(\"data-secret\",t)),e.contentWindow.postMessage({message:\"ready\",secret:t},\"*\")},!1)))}(window,document);\n<\/script>","thumbnail_url":"https:\/\/www.producempresarial.pe\/wp-content\/uploads\/2024\/01\/cenama.png","thumbnail_width":1836,"thumbnail_height":1066,"description":"Despu\u00e9s de 20 a\u00f1os, se vuelve a disponer de informaci\u00f3n estad\u00edstica acerca de los mercados de abastos en el Per\u00fa, que en el marco de las competencias en comercio interno del Ministerio de la Producci\u00f3n, permite no solo contar con un Directorio Nacional de Mercado de Abastos con informaci\u00f3n actualizada, sino tambi\u00e9n, permite focalizar l\u00edneas ... Read more"}

Después de 20 años, se vuelve a disponer de información estadística acerca de los mercados de abastos en el Perú, que en el marco de las competencias en comercio interno del Ministerio de la Producción, permite no solo contar con un Directorio Nacional de Mercado de Abastos con información actualizada, sino también, permite focalizar líneas ... Read more
